) = 12*f + 1. Let l be n(-6). What is the remainder when 1/3 - l/3 is divided by (-2)/(-4)*(3 - -23)?
11
Let x = 52 - 37. Let d(s) = s**2 - s - 3. Let u be d(-4). Let w = u + 12. Calculate the remainder when w is divided by x.
14
Suppose 25 + 52 = c. Calculate the remainder when c is divided by 20.
17
Suppose 21 = -3*x + 126. Suppose -g + 4*w + x = 0, 5*g = g - 4*w + 200. Calculate the remainder when g is divided by (16/(-3))/(2/(-6)).
15
Let n = 2 + 21. Calculate the remainder when 91 is divided by n.
22
Let u = 36 + -6. Suppose 0 = -4*m + 12 + 20. What is the remainder when u is divided by m?
6
Let m = 43 - -15. Let d = m - 38. Let j = 32 + -21. Calculate the remainder when d is divided by j.
9
Let a(s) = -s**2 + 13*s - 7. Calculate the remainder when a(6) is divided by 9.
8
Suppose 4*f + 3*n = f + 9, -10 = -3*f - 4*n. Suppose -2 = y - f*r, -4*y - 4*r - r + 31 = 0. What is the remainder when 7 is divided by y?
3
Let c = -10 - -28. Suppose -6 = -n + 4*t + c, -36 = -4*n + 4*t. Calculate the remainder when 15 is divided by n.
3
Let u = 126 - 72. What is the remainder when u is divided by 29?
25
Let k(z) = -z**3 - 8*z**2 + z - 11. Let l be k(-9). Suppose 17 - l = -4*h. What is the remainder when 42 is divided by h?
9
Suppose -10 + 0 = -c. Calculate the remainder when 35 is divided by c - (4/(-2))/1.
11
Let b = 106 - 29. Calculate the remainder when b is divided by 27.
23
Let o = 9 + -19. Let j = -4 - o. What is the remainder when (17 - -4)/1 - 4 is divided by j?
5
Suppose 3*y = -2*j + y + 40, -73 = -5*j + 4*y. Let r = j + 3. Calculate the remainder when 39 is divided by r.
19
Let f(k) = -k**3 + 8*k**2 - 4. Let j be f(7). Suppose -j = 5*p - 10*p. Calculate the remainder when 22 is divided by p/(14/8 + -1).
10
Let q(s) be the second derivative of s**3/3 + s**2/2 + 2*s. Let n be q(-3). Let m(l) = -l - 2. What is the remainder when 7 is divided by m(n)?
1
Suppose 0 = 5*q - 4*z - 56, 4*z = 2*q - z - 19. Calculate the remainder when 22 is divided by q.
10
Suppose 0 = -6*z + z, -5*z - 72 = -2*d. What is the remainder when d is divided by 80/6 + -9*(-12)/(-324)?
10
Let o be (-2)/(2/53 + 0). Let s = 21 + o. Let m = s - -46. What is the remainder when 41 is divided by m?
13
Let t = 1286 + -1964. What is the remainder when t/(-24) - 6/(-8) is divided by 8?
5
Suppose 54 + 26 = 2*p + 4*r, -76 = -2*p - 2*r. What is the remainder when 139 is divided by p?
31
Let z(b) = 6*b**3 - 4*b**2 + 6*b - 2. What is the remainder when z(2) is divided by 5?
2
Calculate the remainder when 1/(96/93 + -1) is divided by 8.
7
Let u(g) = g**3 + 9*g**2 + 4*g + 1. What is the remainder when u(-8) is divided by 17?
16
Suppose 6*b = 5*b + 6. Let q = 37 + b. What is the remainder when q is divided by 15?
13
Let w be 3/(-3) - 4/(-1). Suppose -3*z - 3 = 2*c - 29, 2*c - w*z - 26 = 0. Calculate the remainder when c is divided by 5.
3
Let r(c) = 10*c - 2. Let g(b) = -80*b + 15. Let q(n) = 3*g(n) + 25*r(n). What is the remainder when q(2) is divided by 10?
5
Suppose -i + 5*d = 25, -4*i + 0*i - d + 5 = 0. Let g(o) = o**3 + o**2 + o + 32. Suppose -5*n = -126 + 41. Calculate the remainder when g(i) is divided by n.
15
Let y = -11 - -40. Let w = -1 - -11. What is the remainder when y is divided by w?
9
Let g = -11 - -14. Suppose -600 = -3*q + c, -g*q + 600 = -4*c - c. Suppose 0 = -5*p + q - 10. Calculate the remainder when p is divided by 13.
12
Suppose 8*r = 3*r - 4*b + 245, 0 = b. Let y = 83 - r. Calculate the remainder when y is divided by 9.
7
Suppose -3*d + 0 = -30. Calculate the remainder when d is divided by 3.
1
Suppose 2*h = -2*w + 6 + 4, -4*w + 3*h = -48. What is the remainder when 42 is divided by w?
6
Let l = 22 + -11. Let s = l + -8. Let u(n) = n**2 - 7*n + 7. Calculate the remainder when u(7) is divided by s.
1
Let a(n) = -n**2 - 4*n + 4. Let o be a(-4). Suppose -o*r = -0*r - 16. Calculate the remainder when 19 is divided by r/6 - 38/(-6).
5
Suppose -4 - 9 = -4*t + 5*n, 2*n = -2. Let r be (3/t)/(6/44). Let s = 38 - r. What is the remainder when s is divided by 14?
13
Let w be 6/9*(-9)/6. Let m(j) = 38*j - 1. Calculate the remainder when m(1) is divided by 13 + 1 - (2 + w).
11
Let o(k) = -k. Let m(r) = -r - 1. Let p(s) = -6*m(s) + 5*o(s). Let l be p(-6). Suppose -3*b = -l*b - 45. What is the remainder when b is divided by 8?
7
Suppose o + 3*o = 416. Suppose -n = n - o. Let k = n - 37. Calculate the remainder when 29 is divided by k.
14
Let m = 129 + -118. What is the remainder when 85 is divided by m?
8
Suppose 0 = 5*g - 27 - 48. Let o = -42 - -77. Let w = o + 9. Calculate the remainder when w is divided by g.
14
Suppose 4*w - 3*v - 378 = -v, 4*v = -4*w + 396. What is the remainder when w is divided by 27?
15
Let x = 43 - 7. What is the remainder when 140 is divided by x?
32
Let s = -5 + 21. What is the remainder when (-3 - -1)/(2/(-44)) is divided by s?
12
Let i(m) = 6*m - 1. Let w be (-14)/(-10) - (-10)/(-25). Calculate the remainder when 14 is divided by i(w).
4
Let i = 0 + -1. Let m(u) = -23*u + 2. Let b be m(i). Suppose 3*n - 18 = -3*l, -4*l + 2*n = -b - 5. What is the remainder when l is divided by 4?
3
Let o be (-12284)/(-10) + (-18)/45. What is the remainder when (-4)/10 + o/20 is divided by 21?
19
Suppose 0 = 2*k + 3*k + j - 120, -j - 41 = -2*k. Calculate the remainder when k is divided by 8.
7
Suppose 3*s - 4*y = -2*s + 221, -5*s + 193 = 3*y. Calculate the remainder when s is divided by 14.
13
Let o(l) = -l**2 - 12*l - 3. Calculate the remainder when 32 is divided by o(-10).
15
Let j = -4 + -21. Let i = -11 - j. What is the remainder when 39 is divided by i?
11
Calculate the remainder when 30 is divided by (-1 - 0)/(21/11 + -2).
8
Let d be 9 + -9 - 13*-1. Suppose c - 2*r - d = 0, -28 = -4*c - 5*r + r. What is the remainder when 33 is divided by c?
6
Calculate the remainder when 397 is divided by ((-114)/2)/(-1) - 0.
55
Suppose -2*f + 34 = -f. Let t be (-2)/((-4)/f)*1. Suppose g - t = -2*s + 4*s, -4*s - 85 = -5*g. What is the remainder when g is divided by 9?
8
Suppose -4*z = -3*z - 49. Let t = z + -34. Calculate the remainder when ((-43)/2)/((-2)/4) is divided by t.
13
Let v = 4 + 28. Calculate the remainder when v is divided by 12.
8
Let u = 40 + -6. Let d = u - 20. What is the remainder when 54 is divided by d?
12
Let z = 16 - 15. Calculate the remainder when (1 - (-1)/z) + 63 is divided by 17.
14
Let t = 10 - 24. Let v = t - -28. Suppose 0 = -0*u + 3*u - 120. What is the remainder when u is divided by v?
12
Suppose 4 = 4*x - t, -t + 0*t = x - 6. Suppose -5*p - 4*j + 0 + 72 = 0, 36 = x*p + 4*j. Let a = 17 - p. Calculate the remainder when a is divided by 2.
1
Let f(l) = 2*l + 1. Let y = -4 + 11. Calculate the remainder when y is divided by f(1).
1
Let p(b) = 16*b + 8. Calculate the remainder when p(4) is divided by 19.
15
Let g(p) = p + 9. Let a be g(-7). Suppose -9 = -a*w + 7. Calculate the remainder when w is divided by 1/(-2) - 22/(-4).
3
Suppose -2*c + 0 = l - 6, -2 = 2*c. Suppose m + 8 = 4*q, m = -2*q + l + 2. What is the remainder when q is divided by 2?
1
Let h be (-6)/9*(-18)/4. Suppose -20 = h*x - 4*x. Let q = 29 - x. What is the remainder when q is divided by 5?
4
Let v(s) = s**3 - 2*s - 4 + 6*s - 2*s**2 - 1 + 9*s**2. What is the remainder when v(-5) is divided by 13?
12
Suppose 245 = 4*u + u. Let h be (-1 + -11)/((-9)/12). Let i = -3 + h. What is the remainder when u is divided by i?
10
Suppose 20 = 4*m + m + 5*p, -4*p + 21 = 5*m. Suppose 25*g - 23*g - 14 = 0. Calculate the remainder when g is divided by m.
2
Let z = 1 - -2. Calculate the remainder when 9 is divided by z.
0
Let t(s) be the first derivative of -2*s - s**2 + 1/3*s**3 + 2. Calculate the remainder when t(-2) is divided by 4.
2
Suppose 36 = n - 0*n - 4*g, g + 159 = 4*n. Suppose 4*i + 4*p = -10 + 66, 0 = -4*i + 4*p + n. What is the remainder when 21 is divided by i?
9
Let f be 8/28 + (-220)/(-14). Suppose b = -b + f. What is the remainder when 30 is divided by b?
6
Suppose -2*u + 23*u = 504. What is the remainder when 118 is divided by u?
22
Let x = -29 - -54. Suppose 15 = p - 5*l, 35 = 5*p - 5*l - 40. Suppose 5*v + p = 0, 5*s + 0*s - 62 = -v. Calculate the remainder when x is divided by s.
12
Let z(t) = 5*t**2 + 3*t - 3. Suppose -13*r + 11*r = -134. Calculate the remainder when r is divided b